erivative of -1/120*z**6 + 1/8*z**4 - 10*z**2 + 0*z + 0*z**5 + 0 + 1/2*z**3. Determine g(-2).
5
Let s(k) = k. Let h be 2 - 1 - (1 + 5 + -4). Let q(d) = -d**3 - 4*d**2 - d - 6. Let t(a) = h*q(a) + 5*s(a). Determine t(-3).
-3
Let s(p) = -3*p**2 + 146*p + 230. Let w(f) = -2*f**2 + 73*f + 117. Let j(i) = -4*s(i) + 7*w(i). What is j(-35)?
4
Let q(k) be the third derivative of -k**5/60 - k**4/6 + 4*k**3 - 3*k**2 - 11. What is q(6)?
-36
Let a(d) be the third derivative of -4/3*d**3 + 2*d**2 - 3 + 0*d - 1/12*d**4. Give a(-7).
6
Let p(f) = -f**2 - 23*f - 76. Let h be p(-19). Let s(l) = 2*l**2 - 13*l + 3. Let k(o) = o**2 - 6*o + 2. Let y(m) = 9*k(m) - 4*s(m). Give y(h).
6
Let l(h) = h**2 + 21*h - 14. Let p(k) = k**3 + 84*k**2 - 36*k - 3041. Let r be p(-84). Determine l(r).
-82
Suppose 0 = -8*o + 8 + 8. Let n(p) = -65 + 69 + p - 10*p**o + 11*p**2. What is n(-4)?
16
Let a be 48/(-72)*(-3 + 0). Let f(n) be the second derivative of n**3/2 + 2*n**2 + 2*n. Let m(p) = 7*p + 8. Let q(k) = a*m(k) - 5*f(k). What is q(-8)?
4
Let g(x) = -8 - 91*x + 9*x**2 + 62*x - x**2 - 60*x + 2*x**2. Determine g(9).
1
Let i(d) = 100*d - 329*d - 24 + 228*d + 3. Give i(-16).
-5
Let b(y) be the second derivative of y**5/20 + 5*y**4/12 - 5*y**3/6 + 9*y**2/2 - 89*y. Let a be b(-6). Let c(o) = -o - 3 + 6 + 2*o. Calculate c(a).
6
Suppose z + 6 = 4*q, 2*q = 4*z + 1 - 5. Let o(k) = -5 - 2 + 3*k - k**q - 9*k - 2. Give o(-6).
-9
Let v(w) be the first derivative of -w**5/20 + 3*w**4/4 + w**3/6 + 2*w**2 - 33*w + 152. Let s(k) be the first derivative of v(k). Give s(9).
13
Let t = 38 - 38. Suppose 4*z + 4*u + 24 = t, -5*z + 2*u + 2*u - 12 = 0. Let q(f) = f - 1. Calculate q(z).
-5
Let r(g) = -g**3 + 4*g**2 + 2*g + 1. Let l(z) = -z**2 - 28*z - 114. Let t be l(-20). Suppose -5*b = -t + 21. Give r(b).
-14
Suppose 0 = -5*r + 2*m + 2*m + 6, 2*r + 4*m - 8 = 0. Let u(q) = -5*q**2 + 9*q - 8*q**2 + 14*q**2 + 4 + r. Give u(-9).
6
Let u(w) be the second derivative of w**5/20 + w**4/2 + w**3/6 - 2*w**2 - 17*w. Suppose -2*d + 8 = -2, -n + 2*d = 16. Calculate u(n).
-10
Let v = -73 - -73. Let a(d) = -3*d + v*d + 6*d + 2*d + 5*d - 5. Give a(4).
35
Let r(w) be the second derivative of -5*w**3/6 + 52*w**2 + 6*w - 2. What is r(20)?
4
Let i(x) = -x**2 - 4 + 656*x - 2*x**2 - 1420*x - 4 + 755*x. Calculate i(-2).
-2
Let k(y) = 8*y - 340. Let w(b) = 12*b - 497. Let m(j) = -7*k(j) + 5*w(j). Determine m(24).
-9
Let r(f) = -f**3 - 12*f**2 - 20*f - 14. Suppose 4735*w = 4746*w + 110. What is r(w)?
-14
Let g(x) = x**3 + 9*x**2 + 11*x - 5. Suppose -34*u + 51 = -31*u. Let y(q) = -q**2 + 22*q - 93. Let r be y(u). Give g(r).
-29
Let i(t) = -63*t + 3. Let b(a) = -a**2 - 35*a - 149. Let q be b(-30). Determine i(q).
-60
Suppose 4*i + 148*b - 151*b = -35, -4*i + b - 25 = 0. Let c(a) = -a**2 + 19*a + 113. Give c(i).
-7
Let i(a) = -31*a**2 - 6*a - 9. Let y(g) = 232*g**2 + 43*g + 65. Let z(j) = 30*i(j) + 4*y(j). What is z(-2)?
-2
Let u = 1 - -2. Let t(m) = 9*m - 11 + 52 - 13 - 24. Calculate t(u).
31
Let d(v) = v**3 + 37*v**2 + 101*v - 14. Suppose -5*o - 170 = -2*t, -o = 18*t - 15*t + 34. What is d(o)?
20
Suppose -3*m = -3*a - 6, 3*a + m + 4 = 6*a. Let i(k) = -2*k**3 + 2*k**2 + k + 1. Let f(d) = 13*d**3 - 16*d**2 - 6*d - 5. Let l(o) = f(o) + 6*i(o). What is l(a)?
-8
Let q be -235 + 240 - (3/1 + -2). Let d = 1 + 2. Let t(x) = 4*x**2 + 2 - d*x + x + 0*x - x**3. What is t(q)?
-6
Let i(g) be the second derivative of -g**4/6 - 5*g**3/6 + 3*g**2/2 - 17531*g. Let o = 4 + -8. Give i(o).
-9
Let c(z) be the third derivative of z**6/120 + z**5/12 - z**4/12 - 3*z**3/2 + 3371*z**2. Calculate c(-5).
1
Let b be (-1)/(-4) - 1/4. Let f(d) be the third derivative of 0*d**4 - 1/60*d**5 + 15*d**2 + 10/3*d**3 + 0 + 8*d. Determine f(b).
20
Let w(v) = -5*v + 2*v + v. Suppose 3*m + 44 = -28*g, 2*m - g + 31 - 41 = 0. Determine w(m).
-8
Suppose 11 = 3*q - 154. Let b be ((-132)/q)/(2/5). Let f(h) = 15 - h - 27 + 10 + 9. What is f(b)?
13
Let h(k) = 9*k**2 + 8*k - 24. Let v(j) = -2*j**2 - 2*j - 1. Let u(o) = h(o) + 4*v(o). Let b(x) = 2*x + 26. Let f be b(-13). Give u(f).
-28
Let o(i) = -i**2 + 9*i + 10. Suppose 0 = 3*z - 3*d - 51, 44*d = 39*d - 30. Give o(z).
-12
Let o(z) = -10*z - z**3 + 6*z**2 + 14 + 3*z + 0*z**3 + z. Let y(v) = -15 + v - 5*v**2 + v**3 - v + 5*v. Let q(n) = -5*o(n) - 6*y(n). What is q(0)?
20
Let k(p) = -11*p**2 + p + 5*p**2 - 4 + 7*p**2. Let v be k(-3). Let j(z) = z**2 + 4 + z - z**2 - 3*z - z**v. Determine j(-4).
-4
Let f = 230 + -220. Let p be 14*(-5)/f*-1. Let z(b) = -b**2 + 7*b - 2. Give z(p).
-2
Let m(z) = 10*z + 6*z**3 + 1 + 3*z**2 - 2*z**2 + 9. Let y be m(-1). Let t(h) = 2*h + 2. Determine t(y).
-8
Let c(w) = 8*w + 12*w + 11*w - 13*w. Let u(m) = -22*m. Let h(p) = -6*c(p) - 5*u(p). What is h(-6)?
-12
Suppose 92*f - 137 = -76*f + 1207. Let u(t) = 2*t**2 - 16*t + 1. Give u(f).
1
Suppose -4*v = -3*a + 8 + 24, 4*v = -5*a. Let x(b) = -b**2 - 2*b + 8. Determine x(v).
-7
Let c(z) = -74*z - 7. Let v(o) = -17*o + 1. Let w(g) = c(g) - 4*v(g). Let s = 9 - 16. Let n(x) = -5*x - 10. Let y(a) = s*n(a) + 6*w(a). Give y(7).
-3
Let i(s) be the first derivative of 1/3*s**3 + 124 + 0*s**2 - 8*s. Determine i(-6).
28
Let o be 24 - (-12 - (-560)/16). Let w(z) = -6*z + 23*z + 0*z. Calculate w(o).
17
Let x(g) = -2*g - 18. Let f(u) = -7*u + 10. Let z(s) = 2*s. Let m(t) = f(t) + 4*z(t). Let r(l) = 5*m(l) + 3*x(l). Give r(-8).
4
Let c(b) = 2*b**2 - b + 5. Let y be c(0). Let j = -9 + y. Let f(k) be the first derivative of k**3/3 + 4*k**2 - 5*k + 4. Determine f(j).
-21
Let u(r) = -2*r**3 + 3*r**2 + 5*r - 3. Let k be 0 + -1 + 2 + 0. Let q = -76 + 75. Let w be k*(1 + -4)*q. Determine u(w).
-15
Let a(h) = h**2 + 6*h + 6. Suppose -5*r + 30 = 5*c, -5*r = 4*c - 3*c - 14. Let u(b) = -29*b**3 + 3*b + 2. Let y be u(-1). Suppose y = -5*o - r. What is a(o)?
6
Suppose 2*h - 15 - 113 = 0. Let f(v) = -4*v + 39*v**2 - 2 + 26*v**2 - h*v**2. What is f(4)?
-2
Let w(v) = -v - 3. Let r(o) = o**3 + 22*o**2 + 28*o - 243. Let u be r(-20). Calculate w(u).
0
Let c(m) = m**2 + 8*m + 10. Let k(x) = -115*x - 2. Suppose -2*q + 0*n + 3*n = 5, -q + 2*n = 4. Let b be k(q). Let p be (0 - (-2)/7) + b/28. Calculate c(p).
10
Let j be 16/(-14) - 6/(-42). Let o be (j/(-2))/((-1)/2). Let u(y) be the second derivative of -7*y**5/5 - y**2/2 - 17*y. Give u(o).
27
Let j(s) be the first derivative of -s**4/12 - 2*s**3 + 7*s**2 + 170*s + 210. Let t(m) be the first derivative of j(m). Calculate t(-13).
1
Let s(h) = -7*h**3 + 11*h**2 + 6*h + 3. Let k(y) = y**3 + y**2 - y - 1. Let l(p) = -6*k(p) - s(p). What is l(17)?
3
Let h(j) = -j - 4. Suppose -4*b + 5*i = 831, -4*b + 2*b = -5*i + 403. Let v = b + 210. Give h(v).
0
Suppose -2*c - 4 = i, 11*i + 2*c = 14*i - 12. Let h(m) = -2*m**2 - 10*m**2 + 13*m**2 + 91*m - i - 93*m. What is h(5)?
13
Suppose 0 = 5*k - 0*k. Suppose -3*c - 2*u + 23 + 17 = k, -5*u = -4*c + 15. Let b(w) = 5*w - 10 - c*w + w. Determine b(-7).
18
Let z(r) = -4*r**2 + 3*r. Let l(t) = -5*t**2 + 2*t - 1. Let p be (20/(-6))/(-5)*9. Let u(k) = p*z(k) - 5*l(k). Calculate u(-5).
-10
Let z(x) be the second derivative of -x**3/6 - 19*x**2/2 - 105*x. Determine z(-13).
-6
Let o(j) = -4*j**2 - 13*j - 12. Let n(q) = 478*q - 1435. Let s be n(3). What is o(s)?
-3
Let p(b) = b**2 - b. Let w(v) = -2*v**2 + 2*v - 4. Let q(l) = -3*p(l) - w(l). Let k be (-1)/(-7)*(11 - 11). Give q(k).
4
Let v(q) be the third derivative of 7*q**4/24 - 7*q**3/2 + 1613*q**2. Calculate v(10).
49
Let v(z) = -2 - 3*z**2 + 3 + z**3 - 3. Let g be ((-73)/365)/(1/(-50)) - 7. Determine v(g).
-2
Let g(n) be the second derivative of n**3/6 + 3*n**2/2 - 14*n + 4. Suppose 4*c - 2 - 14 = 0. Let h(l) = 4*l - 10. Let u be h(c). Calculate g(u).
9
Let x(u) = -3*u + 29. Let h(s) = -76*s + 368. Let n be h(5). Calculate x(n).
65
Let k(n) = -2*n**3 + 5*n - 12*n + 5*n + 3*n. Suppose -5*t = m + 6, 15*t - 11*t = -2*m - 6. What is k(t)?
1
Let f(n) be the second derivative of -n**6/144 + 113*n**4/12 + 124*n. Let o(h) be the third derivative of f(h). Give o(3).
-15
Let w(m) = 2*m**2 + 2*m + 9. Let h(r) = r**2 + 3*r + 9. Let y(c) = 3*h(c) - 2*w(c). Let x = -142559 + 142566. Give y(x).
-5
Let b = 247 + -104. Let k(t) = b*t**3 + 146*t**3 + 7*t**2 - 431*t**3 - 3*t + 2 + 141*t**3. Give k(5).
37
Let j(p) = 13*p - 41. Let v(a) = -7*a + 22. Let w(n) = -n**3 - 7*n**2 + 4